{"id":17,"date":"2020-03-03T00:02:32","date_gmt":"2020-03-03T00:02:32","guid":{"rendered":"http:\/\/serviciosdelatorre.com\/?page_id=17"},"modified":"2020-06-18T18:53:01","modified_gmt":"2020-06-18T18:53:01","slug":"contact","status":"publish","type":"page","link":"https:\/\/serviciosdelatorre.com\/index.php\/contact\/","title":{"rendered":"Contacto"},"content":{"rendered":"<p style=\"text-align: center;\"><span style=\"color: #0000ff;\"><strong>Direcci\u00f3n:<\/strong><\/span><br \/>Calle: Laderas 415, Fracc. Valle de las Palmas V<br \/>Apocaca, Nuevo Le\u00f3n. M\u00e9xico.<br \/>C.P. 66612<\/p>\n<p style=\"text-align: center;\"><span style=\"color: #0000ff;\"><strong>Telefono<\/strong><\/span><br \/>+52-81-3424-0933 y 0934<\/p>\n<p style=\"text-align: center;\"><span style=\"color: #0000ff;\"><strong>Correo Electronico<\/strong><\/span><br \/><a href=\"mailto:info@serviciosdelatorre.com\">info@serviciosdelatorre.com<\/a><\/p>\n\n\n<p><\/p>\n","protected":false},"excerpt":{"rendered":"<p>Direcci\u00f3n:Calle: Laderas 415, Fracc. Valle de las Palmas VApocaca, Nuevo Le\u00f3n. M\u00e9xico.C.P. 66612 Telefono+52-81-3424-0933 y 0934 Correo Electronicoinfo@serviciosdelatorre.com<\/p>\n","protected":false},"author":1,"featured_media":12,"parent":0,"menu_order":0,"comment_status":"closed","ping_status":"closed","template":"","meta":{"footnotes":""},"class_list":["post-17","page","type-page","status-publish","has-post-thumbnail","hentry"],"_links":{"self":[{"href":"https:\/\/serviciosdelatorre.com\/index.php\/wp-json\/wp\/v2\/pages\/17","targetHints":{"allow":["GET"]}}],"collection":[{"href":"https:\/\/serviciosdelatorre.com\/index.php\/wp-json\/wp\/v2\/pages"}],"about":[{"href":"https:\/\/serviciosdelatorre.com\/index.php\/wp-json\/wp\/v2\/types\/page"}],"author":[{"embeddable":true,"href":"https:\/\/serviciosdelatorre.com\/index.php\/wp-json\/wp\/v2\/users\/1"}],"replies":[{"embeddable":true,"href":"https:\/\/serviciosdelatorre.com\/index.php\/wp-json\/wp\/v2\/comments?post=17"}],"version-history":[{"count":15,"href":"https:\/\/serviciosdelatorre.com\/index.php\/wp-json\/wp\/v2\/pages\/17\/revisions"}],"predecessor-version":[{"id":105,"href":"https:\/\/serviciosdelatorre.com\/index.php\/wp-json\/wp\/v2\/pages\/17\/revisions\/105"}],"wp:featuredmedia":[{"embeddable":true,"href":"https:\/\/serviciosdelatorre.com\/index.php\/wp-json\/wp\/v2\/media\/12"}],"wp:attachment":[{"href":"https:\/\/serviciosdelatorre.com\/index.php\/wp-json\/wp\/v2\/media?parent=17"}],"curies":[{"name":"wp","href":"https:\/\/api.w.org\/{rel}","templated":true}]}}